composite number?
True
Is 35191481443 prime?
True
Is 6458787943 a prime number?
True
Is 166579493 composite?
False
Is 1249331597 prime?
True
Is 6105263371 prime?
False
Is 5784498703 a composite number?
False
Is 60803881 prime?
False
Is 4062896457 composite?
True
Is 2592146203 composite?
True
Is 4086693691 composite?
True
Is 4190419901 composite?
False
Is 358752116623 composite?
True
Is 46266649855 a prime number?
False
Is 5191939567 prime?
False
Is 50300987323 a composite number?
False
Is 76664993 a prime number?
True
Is 53211693659 a composite number?
True
Is 361005457 composite?
True
Is 793680603 a composite number?
True
Is 13276004617 a prime number?
False
Is 414757171 composite?
True
Is 4300972043 composite?
False
Is 55359000133 composite?
False
Is 6999221167 composite?
True
Is 96224327 prime?
True
Is 358410539 prime?
False
Is 85936412857 composite?
False
Is 4898156111 prime?
False
Is 29802525757 prime?
True
Is 1542742763 prime?
True
Is 5017224997 a composite number?
False
Is 14012638121 composite?
False
Is 14199464717 a composite number?
True
Is 3903559841 composite?
True
Is 8579957457 a composite number?
True
Is 8275124743 prime?
False
Is 18205054423 a composite number?
True
Is 3272609 composite?
False
Is 1835442397 a composite number?
True
Is 24252377647 prime?
False
Is 18341125301 a prime number?
False
Is 1782356369 prime?
False
Is 835753081 composite?
True
Is 6947198243 a composite number?
False
Is 10380703433 composite?
False
Is 217795957 composite?
False
Is 49570948949 a prime number?
False
Is 23980663261 a prime number?
False
Is 50761180777 a prime number?
True
Is 12903448114 a composite number?
True
Is 1111761437 a prime number?
True
Is 403922426 composite?
True
Is 7041187301 prime?
True
Is 3886065407 composite?
True
Is 324915469 a composite number?
True
Is 174966689 a composite number?
False
Is 628695691 a prime number?
False
Is 1129859479 composite?
True
Is 37777334627 prime?
True
Is 584910101 a composite number?
False
Is 5415170491 a composite number?
False
Is 1757323537 prime?
True
Is 293967299 a prime number?
True
Is 18041768729 composite?
False
Is 20274945969 composite?
True
Is 11962824493 composite?
True
Is 4482195253 composite?
True
Is 2000087293 prime?
True
Is 7999704313 a composite number?
True
Is 921405479 a composite number?
False
Is 4697437741 a prime number?
False
Is 385984717 composite?
False
Is 1275027249 prime?
False
Is 7899559927 prime?
False
Is 31879769 a prime number?
False
Is 30154743907 a composite number?
False
Is 3057180239 a prime number?
True
Is 7798042979 composite?
False
Is 8453730379 prime?
False
Is 9916071409 prime?
True
Is 47285666803 composite?
True
Is 131138254433 prime?
True
Is 5583415973 composite?
True
Is 359549867 prime?
False
Is 1468114207 a prime number?
False
Is 5626231907 composite?
True
Is 23334844037 a prime number?
True
Is 8066211847 a composite number?
True
Is 110639613217 a composite number?
True
Is 305257307 a composite number?
True
Is 15098263937 prime?
True
Is 847707521 a composite number?
False
Is 534562507 a composite number?
True
Is 34636967 composite?
True
Is 1599623317 prime?
True
Is 145557469 prime?
False
Is 170777317 prime?
False
Is 2053467601 a composite number?
True
Is 80289679 a prime number?
True
Is 1130808794 a prime number?
False
Is 6748929097 a composite number?
True
Is 20230612747 a composite number?
False
Is 68644811353 a prime number?
True
Is 1509905447 a prime number?
False
Is 110716211 composite?
True
Is 50000184347 prime?
True
Is 2958797719 composite?
False
Is 2192476201 a composite number?
False
Is 310505609 prime?
False
Is 21236803193 a composite number?
False
Is 15602970091 composite?
False
Is 1972317381 prime?
False
Is 1364567629 composite?
True
Is 3723336055 a prime number?
False
Is 18839803247 composite?
False
Is 178091653 prime?
True
Is 1146900984421 composite?
False
Is 223015153 prime?
False
Is 23467482301 prime?
True
Is 3771422153 a composite number?
False
Is 7120990337 a prime number?
True
Is 5278541501 a prime number?
False
Is 87256519249 prime?
False
Is 945216611 prime?
True
Is 3940781863 prime?
True
Is 1116845813 a composite number?
True
Is 97305211 a composite number?
False
Is 10220364218 composite?
True
Is 13915159 a prime number?
False
Is 5279780423 a prime number?
False
Is 784205421 a composite number?
True
Is 6598254521 a prime number?
False
Is 21876359 a prime number?
False
Is 275156717 composite?
True
Is 5294550979 a composite number?
False
Is 16390273217 composite?
False
Is 8940721021 a composite number?
True
Is 6415609793 a composite number?
False
Is 5054375551 a prime number?
True
Is 55155623 prime?
False
Is 1285280761 composite?
False
Is 8841278837 a prime number?
False
Is 3203774087 a composite number?
True
Is 400267123 composite?
False
Is 49004513578 a composite number?
True
Is 11740668739 a prime number?
True
Is 244961819 a composite number?
False
Is 1192329799 prime?
False
Is 5656206553 prime?
True
Is 3235637893 a prime number?
True
Is 222545753 a composite number?
False
Is 19581339629 a prime number?
True
Is 25011346837 a prime number?
False
Is 690429965 prime?
False
Is 174103003 prime?
True
Is 8152368811 prime?
True
Is 1273828769 a composite number?
False
Is 81381662273 a prime number?
False
Is 853830199 a prime number?
False
Is 12896317369 composite?
True
Is 35393329793 a composite number?
True
Is 491796257 prime?
True
Is 31181934867 a prime number?
False
Is 63651268259 prime?
True
Is 14718409 prime?
True
Is 185975753 a composite number?
True
Is 2285162537 a composite number?
True
Is 152084939641 composite?
True
Is 58004462443 composite?
False
Is 3602983049 a composite number?
False
Is 3239716595 a prime number?
False
Is 16649745335 a prime number?
False
Is 3859713241 prime?
False
Is 617112337 a composite number?
True
Is 4551460441 composite?
True
Is 938883811 a composite number?
True
Is 44198438387 a composite number?
True
Is 2297356171 prime?
False
Is 8088250481 a composite number?
True
Is 1390032395 composite?
True
Is 350542399 prime?
True
Is 2811710411 a prime number?
True
Is 445678759 a prime number?
True
Is 23452546739 a composite number?
True
Is 23923425371 a prime number?
True
Is 21754543299 a composite number?
True
Is 64452511 composite?
True
Is 42832129 a prime number?
False
Is 650905219 a composite number?
False
Is 125126119 composite?
True
Is 157960441 a prime number?
False
Is 52281732911 a prime number?
False
Is 9612381829 a prime number?
True
Is 320811287 a prime number?
False
Is 2589176791 composite?
False
Is 1026255913 a prime number?
True
Is 118245419455 prime?
False
Is 340529891 a composite number?
True
Is 1047414559 a composite number?
True
Is 414142571 a composite number?
True
Is 557133649 composite?
False
Is 3073586059 prime?
False
Is 26410050971 prime?
True
Is 1245992549 a composite number?
False
Is 5633764897 a composite number?
False
Is 408324801601 composite?
False
Is 150115201 prime?
True
Is 1624356101 a composite number?
True
Is 8709784621 a prime number?
True
Is 13890350963 a composite number?
False
Is 3284815043 a composite number?
True
Is 202154431933 a composite number?
True
Is 115158447002 composite?
True
Is 72636333817 prime?
False
Is 120756217 composite?
False
Is 2513729977 composite?
True
Is 1516587953 prime?
True
Is 747584989 prime?
False
Is 3600605977 a composite number?
True
Is 2090492959 a composite number?
False
Is 300844013 composite?
False
Is 5397263723 prime?
False
Is 27324280861 prime?
True
Is 2474778197 a prime number?
True
Is 9004668311 a prime number?
True
Is 27183176431 a prime number?
True
Is 632892803 composite?
False
Is 4539037915 a composite number?
True
Is 86543231861 composite?
True
Is 4428148259 a prime number?
True
Is 122517955655 prime?
False
Is 33438864079 a composite number?
True
Is 2795083409 a prime number?
True
Is 10333998139 a composite number?
True
Is 19474529719 composite?
False
Is 303201407 a composite number?
True
Is 5859043361 composite?
False
Is 1072944253 a composite number?
False
Is 2132046751 a prime number?
False
Is 2990594353 prime?
True
Is 27220607395 composite?
True
Is 3060429593 a prime number?
False
Is 11587376789 composite?
True
Is 7242683479 composite?
False
Is 25498135993 composite?
True
Is 792293921 composite?
False
Is 14762963465 a composite numb